{"id":9,"date":"2021-05-18T23:02:09","date_gmt":"2021-05-18T23:02:09","guid":{"rendered":"https:\/\/immuniversitaet.de\/?page_id=9"},"modified":"2021-06-25T10:35:09","modified_gmt":"2021-06-25T10:35:09","slug":"ueber-uns","status":"publish","type":"page","link":"https:\/\/immuniversitaet.de\/index.php\/ueber-uns\/","title":{"rendered":"\u00dcber uns"},"content":{"rendered":"\n<figure class=\"wp-block-image size-large\"><img loading=\"lazy\" decoding=\"async\" width=\"915\" height=\"496\" src=\"https:\/\/immuniversitaet.de\/wp-content\/uploads\/2021\/06\/Ueber-uns-finales-bild.png\" alt=\"\" class=\"wp-image-1265\" srcset=\"https:\/\/immuniversitaet.de\/wp-content\/uploads\/2021\/06\/Ueber-uns-finales-bild.png 915w, https:\/\/immuniversitaet.de\/wp-content\/uploads\/2021\/06\/Ueber-uns-finales-bild-300x163.png 300w, https:\/\/immuniversitaet.de\/wp-content\/uploads\/2021\/06\/Ueber-uns-finales-bild-768x416.png 768w\" sizes=\"auto, (max-width: 915px) 100vw, 915px\" \/><figcaption>private Aufnahme<\/figcaption><\/figure>\n\n\n\n<p>Moin,<\/p>\n\n\n\n<p>Wir sind neun Bachelor- und Masterstudierende der Universit\u00e4t Hamburg und du liest gerade unseren Projektblog \u201aImmuniversit\u00e4t\u2018, der im Rahmen des Seminars \u201aDigital Storytelling\u2018 entstanden ist.<br>Wir sind eine digitale WG und zeigen dir hier unsere Wohnung.<\/p>\n\n\n\n<p>Aber warum <strong>Immuniversit\u00e4t<\/strong>?<\/p>\n\n\n\n<p>Seit \u00fcber einem Jahr befindet sich die Uni im Ausnahmezustand. Das studentische Leben ist gepr\u00e4gt von Zoom-Seminaren, asynchronen Vorlesungen und tausenden Whatsapp-Gruppen \u2013 kein Vergleich zum bisherigen Studierendenleben!<\/p>\n\n\n\n<p>Doch wie gehen wir mit der Corona-Pandemie um? Welche Tipps und Tricks haben wir f\u00fcr uns entdeckt? Was sind unsere <em>Bew\u00e4ltigungsstrategien<\/em>? Mit diesen Fragen besch\u00e4ftigen wir uns auf diesem Blog und m\u00f6chten dir helfen mit Einsamkeit, Ungewissheit und Corona-Chaos umzugehen.<\/p>\n\n\n\n<p>Aus diesem Grund haben wir uns unterschiedliche Projekte zum Thema \u201aStudieren w\u00e4hrend einer Pandemie\u2018 \u00fcberlegt. Da unsere Gruppe aus verschiedenen Ecken der Kulturwissenschaften kommt, ist das Projekt interdisziplin\u00e4r angelegt und wird aus unterschiedlichen Blickwinkeln betrachtet. Jede*r setzte sich einen individuellen Schwerpunkt, um das Leben und den Alltag in der Pandemie zu dokumentieren und um Tipps zu geben. Auf unserem Blog findet ihr, unter anderem, Beitr\u00e4ge zu den Themen Selfcare, Achtsamkeit und (Selbst-)Organisation. <\/p>\n\n\n\n<p>Ob Studierende*r oder nicht \u2013 unser Blog soll f\u00fcr alle sein! Ziel des Ganzen ist es, uns gegenseitig zu helfen, Anregungen zu geben und unser Wissen zu erweitern.<\/p>\n","protected":false},"excerpt":{"rendered":"<p>Moin, Wir sind neun Bachelor- und Masterstudierende der Universit\u00e4t Hamburg und du liest gerade unseren Projektblog \u201aImmuniversit\u00e4t\u2018, der im Rahmen des Seminars \u201aDigital Storytelling\u2018 entstanden ist.Wir sind eine digitale WG und zeigen dir hier unsere Wohnung. Aber warum Immuniversit\u00e4t? Seit \u00fcber einem Jahr befindet sich die Uni im Ausnahmezustand. Das studentische Leben ist gepr\u00e4gt von [&hellip;]<\/p>\n","protected":false},"author":1,"featured_media":0,"parent":0,"menu_order":0,"comment_status":"closed","ping_status":"closed","template":"","meta":{"footnotes":""},"class_list":["post-9","page","type-page","status-publish","hentry"],"_links":{"self":[{"href":"https:\/\/immuniversitaet.de\/index.php\/wp-json\/wp\/v2\/pages\/9","targetHints":{"allow":["GET"]}}],"collection":[{"href":"https:\/\/immuniversitaet.de\/index.php\/wp-json\/wp\/v2\/pages"}],"about":[{"href":"https:\/\/immuniversitaet.de\/index.php\/wp-json\/wp\/v2\/types\/page"}],"author":[{"embeddable":true,"href":"https:\/\/immuniversitaet.de\/index.php\/wp-json\/wp\/v2\/users\/1"}],"replies":[{"embeddable":true,"href":"https:\/\/immuniversitaet.de\/index.php\/wp-json\/wp\/v2\/comments?post=9"}],"version-history":[{"count":41,"href":"https:\/\/immuniversitaet.de\/index.php\/wp-json\/wp\/v2\/pages\/9\/revisions"}],"predecessor-version":[{"id":1266,"href":"https:\/\/immuniversitaet.de\/index.php\/wp-json\/wp\/v2\/pages\/9\/revisions\/1266"}],"wp:attachment":[{"href":"https:\/\/immuniversitaet.de\/index.php\/wp-json\/wp\/v2\/media?parent=9"}],"curies":[{"name":"wp","href":"https:\/\/api.w.org\/{rel}","templated":true}]}}